{"id":97,"date":"2014-11-19T16:59:26","date_gmt":"2014-11-19T16:59:26","guid":{"rendered":"http:\/\/www.rdposteopata.com\/wordpress\/?page_id=97"},"modified":"2024-03-05T14:18:11","modified_gmt":"2024-03-05T14:18:11","slug":"osteopatia","status":"publish","type":"page","link":"https:\/\/rdposteopata.com\/index.php\/osteopatia\/","title":{"rendered":"Osteopat\u00eda"},"content":{"rendered":"<p style=\"text-align: justify;\">Es una t\u00e9cnica terap\u00e9utica basada en el conocimiento de la anatom\u00eda y fisiolog\u00eda del cuerpo humano, de c\u00f3mo los tejidos se ven afectados por las enfermedades y en qu\u00e9 modo, con sus t\u00e9cnicas podemos influir sobre esos tejidos.<\/p>\n<p style=\"text-align: justify;\">\u00a0\u00a0\u00a0\u00a0\u00a0 Principalmente se suele relacionar la Osteopat\u00eda con todos aquellos problemas que afectan al aparte muscular y esquel\u00e9tica, pero realmente, desde la visi\u00f3n Osteopatica, observamos a la persona como un todo, algo global, y tratamos de recuperar el estado de salud perdido a treves de t\u00e9cnicas manuales sobre los tejidos afectados, v\u00edsceras, nervios, etc., \u00a0que provocan o\u00a0 mantienen ese estado de \u201cno salud\u201d.<a href=\"http:\/\/rdposteopata.com\/wp-content\/uploads\/2015\/10\/MG_8764.jpg\"><img loading=\"lazy\" decoding=\"async\" class=\"size-medium wp-image-504 alignright\" src=\"http:\/\/rdposteopata.com\/wp-content\/uploads\/2015\/10\/MG_8764-300x200.jpg\" alt=\"Masaje Cuello\" width=\"300\" height=\"200\" srcset=\"https:\/\/rdposteopata.com\/wp-content\/uploads\/2015\/10\/MG_8764-300x200.jpg 300w, https:\/\/rdposteopata.com\/wp-content\/uploads\/2015\/10\/MG_8764-768x512.jpg 768w, https:\/\/rdposteopata.com\/wp-content\/uploads\/2015\/10\/MG_8764.jpg 800w\" sizes=\"(max-width: 300px) 100vw, 300px\" \/><\/a><\/p>\n<p style=\"text-align: justify;\">\u00a0\u00a0\u00a0 Usamos t\u00e9cnicas manuales que ayudan bien a corregir, aliviar o recuperar lesiones, tanto como a mantener el organismo en ese estado de salud. Cada sesi\u00f3n comienza con una valoraci\u00f3n de la persona destinada a obtener los datos necesarios para \u00a0poder decidir cu\u00e1l o cu\u00e1les ser\u00edan las t\u00e9cnicas m\u00e1s adecuadas de aplicar para sus dolencias, t\u00e9cnicas que van destinadas a tejidos musculares, articulares, conjuntivos, nerviosos o viscerales e incluso sobre la propia estructura \u00f3sea.<\/p>\n<p style=\"text-align: justify;\">\u00a0\u00a0\u00a0 Con estas t\u00e9cnicas conseguiremos resolver el cuadro de dolencia presentado por la persona, aliviando sus manifestaciones dolorosas.<\/p>\n<p style=\"text-align: justify;\">\u00a0\u00a0\u00a0 La forma en que el organismo se autorregula, est\u00e1 protegida y asegurada por un sistema nervioso, circulatorio y linf\u00e1tico. Las alteraciones en estos sistemas dan lugar a cuadros patol\u00f3gicos. En esos casos la Osteopat\u00eda puede incidir sobre todo en las fases pre-patol\u00f3gicas, corrigiendo desajustes de estos sistemas antes de que generen una patolog\u00eda severa.<\/p>\n<p style=\"text-align: justify;\">\u00a0En otras ocasiones, en que la patolog\u00eda ya se ha instalado \u00a0bien por falta de informaci\u00f3n, por falta de signos externos o dolorosos, o por un mal asesoramiento sanitario, la persona acude a la sesi\u00f3n de Osteopat\u00eda en fases ya avanzadas; en eso casos, influyendo en los mecanismos que han generado la patolog\u00eda, conseguimos una normalizaci\u00f3n de las funciones alteradas, una reducci\u00f3n de los s\u00edntomas o molestias y la recuperaci\u00f3n del estado de salud.<\/p>\n<p style=\"text-align: justify;\">\u00a0\u00a0De este modo, la Osteopat\u00eda funciona respetando las funciones y sistemas del cuerpo ante cualquier dolencia, produciendo una mejor\u00eda a nivel profundo y no tanto a nivel superficial como sucede muchas veces con la utilizaci\u00f3n de medicamentos.<\/p>\n<p style=\"text-align: justify;\">\u00a0 La Osteopat\u00eda, a trav\u00e9s de su ley principal, \u201cdonde hay movimiento hay vida\/salud\u201d, promueve o recupera ese estado corporal donde todo est\u00e1 en orden y funciona en simbiosis dependiendo todo de todo, desde m\u00fasculos a fascias, nervios, arterias\u2026. Y lo hace con t\u00e9cnicas manuales espec\u00edficas para tipo de tejido que sea necesario tratar.<\/p>\n","protected":false},"excerpt":{"rendered":"<p>Es una t\u00e9cnica terap\u00e9utica basada en el conocimiento de la anatom\u00eda y fisiolog\u00eda del cuerpo humano, de c\u00f3mo los tejidos se ven afectados por las enfermedades y en qu\u00e9 modo,&hellip;<a href=\"https:\/\/rdposteopata.com\/index.php\/osteopatia\/\" class=\"more-link\"><span class=\"more-button\">Continue reading<span class=\"screen-reader-text\">Osteopat\u00eda<\/span><\/span><\/a><\/p>\n","protected":false},"author":1,"featured_media":0,"parent":0,"menu_order":0,"comment_status":"closed","ping_status":"open","template":"","meta":{"footnotes":""},"_links":{"self":[{"href":"https:\/\/rdposteopata.com\/index.php\/wp-json\/wp\/v2\/pages\/97"}],"collection":[{"href":"https:\/\/rdposteopata.com\/index.php\/wp-json\/wp\/v2\/pages"}],"about":[{"href":"https:\/\/rdposteopata.com\/index.php\/wp-json\/wp\/v2\/types\/page"}],"author":[{"embeddable":true,"href":"https:\/\/rdposteopata.com\/index.php\/wp-json\/wp\/v2\/users\/1"}],"replies":[{"embeddable":true,"href":"https:\/\/rdposteopata.com\/index.php\/wp-json\/wp\/v2\/comments?post=97"}],"version-history":[{"count":1,"href":"https:\/\/rdposteopata.com\/index.php\/wp-json\/wp\/v2\/pages\/97\/revisions"}],"predecessor-version":[{"id":1232,"href":"https:\/\/rdposteopata.com\/index.php\/wp-json\/wp\/v2\/pages\/97\/revisions\/1232"}],"wp:attachment":[{"href":"https:\/\/rdposteopata.com\/index.php\/wp-json\/wp\/v2\/media?parent=97"}],"curies":[{"name":"wp","href":"https:\/\/api.w.org\/{rel}","templated":true}]}}